3, 7, 31
Suppose -3*j + 2*z = 0, 5*z - 19 = -j - j. Suppose y - 700 = -j*b, 3*b - 5*y = 8*b - 1760. List the prime factors of b.
2, 3, 29
Let n = 169 + -156. Suppose 4*a = -n*a + 4437. List the prime factors of a.
3, 29
Let g = -73 + 97. Let i = g + -15. Suppose 0 = -3*z - j + 69, -7*z = -6*z + 5*j - i. List the prime factors of z.
2, 3
Let d = 703 + 5341. List the prime factors of d.
2, 1511
Let p = 20148 + -30770. List the prime factors of p/(-14) - (8 - 406/49).
3, 11, 23
Suppose q = 5*q - 16. Suppose 261 = 51*i - 147. Suppose i*z - 876 = -q*z. What are the prime factors of z?
73
Suppose 3*l - 26465 = -l - 5*a, 3*a = -l + 6618. List the prime factors of l.
3, 5, 7
Let n(q) be the third derivative of q**6/24 - 5*q**5/12 + q**4/8 + 5*q**3/3 + 54*q**2. What are the prime factors of n(7)?
521
What are the prime factors of 855784/18 - (-190)/(-342)?
47543
Suppose -721 = -3*g - c, -3 = 5*c + 22. Let b = 40 + g. What are the prime factors of b?
2, 3, 47
Suppose -136 = 2*u - 488. Let l be 2*-107*5/10. Let w = u + l. What are the prime factors of w?
3, 23
Suppose -2*c + 115379 = -5*x, 86 = -5*x + 61. List the prime factors of c.
137, 421
Let g(c) = -c**2 - 30*c + 68. Let s be g(-28). Suppose -116*m - 432 = -s*m. List the prime factors of m.
2, 3
Suppose 104305 = 135*h - 132*h + u, 2*h = -2*u + 69526. What are the prime factors of h?
11, 29, 109
Let l(b) = -4374*b**3 + 10*b**2 - 22*b - 42. What are the prime factors of l(-2)?
2, 3, 5839
Let v(s) = 247*s - 20. Let d be v(8). Let c = 3331 - d. What are the prime factors of c?
5, 11
Suppose 4*m - 14*o + 18*o - 824 = 0, 630 = 3*m - o. Let t = m + 501. List the prime factors of t.
2, 5, 71
Suppose 18 = -8*w + 6*w. Let f = w + 1. What are the prime factors of f/(-3) + (-2)/3 - -33?
5, 7
Let x = 16864 + -10499. What are the prime factors of x?
5, 19, 67
Suppose 5*n = -4*s + 11 - 3, -3*s + 6 = 3*n. Suppose 0 = 3*h + 9, 4*h = g - h - 88. Suppose -r + g = q + 3*q, s*r + 3*q - 146 = 0. List the prime factors of r.
73
Suppose -2*q + 1290 = -4*k, 3*q - 2*k = -0*k + 1951. Suppose 3*r + p = 2797 - q, -2*p - 1440 = -2*r. List the prime factors of r.
2, 179
Let l be ((-3)/(-3))/((3 + 4)/(-2695)). Let g = 366 - l. What are the prime factors of g?
751
Suppose 0 = -351*s + 10047361 - 2694262. What are the prime factors of s?
3, 6983
Let w = 386 + -89. What are the prime factors of w + (-6)/(-12)*-10 - -5?
3, 11
What are the prime factors of 3 + 17 + -10 - (-21212 + -15)?
3, 7079
Let v(s) = s**2 - 8*s - 7. Let c be v(9). Suppose 4*o = 12, 4*k = 6*k + 2*o - 8. What are the prime factors of c*123/6 + k?
2, 3, 7
Suppose 3*q - q - 446 = -3*i, -3*q = -4*i + 623. Let x = i - -275. List the prime factors of x.
7, 61
Suppose -9607 - 13241 = -28*d. Suppose -113 = l - d. What are the prime factors of l?
19, 37
Let y(s) = -s**3 - 12*s**2 + 33*s - 7. Suppose -7*p = 80 + 39. What are the prime factors of y(p)?
877
Suppose 5*w = -5*n + 84550, -5*n + 5*w + 121637 = 37087. List the prime factors of n.
2, 5, 19, 89
Suppose 3*c - 46 - 23 = 0. Let q = 19 - c. What are the prime factors of q - (-1)/((-2)/(-210))?
101
Suppose 77*n + 2856 = 4*u + 82*n, 5*u - 3570 = -2*n. List the prime factors of u.
2, 3, 7, 17
Let a be (48/(-30))/(((-2)/(-90))/(-1)). Let c = -70 + a. Suppose 151 = c*n - x, 2*n + 0*n = -4*x + 126. List the prime factors of n.
73
Suppose -5*p + 4*g = -87924, -5*p - 2*g + 14830 = -73118. What are the prime factors of p?
2, 4397
Let l(v) = 2*v + 0*v - 136 + 9*v**3 + 4*v**2 + 52*v**3 + 130. List the prime factors of l(2).
2, 251
Let s(m) = m**3 + 13*m**2 - 42*m + 24. Suppose -23 - 21 = 4*z. List the prime factors of s(z).
2, 7, 13
Suppose 0 = -15*x - 12 + 12. List the prime factors of -11*(x + 2 + -3).
11
Let z(a) = 617*a**3 - 3*a**2 + 103*a - 297. What are the prime factors of z(3)?
2, 3, 19, 73
Let m(z) = -65*z**3 - 6*z - 39. Let p be m(-4). Suppose -5*r = -p - 2635. What are the prime factors of r?
2, 3, 113
Let p(u) = u**3 + 8*u**2 - 3*u + 16. Let i be -23 + (1 - (2 + 0)). Let j be ((-1)/((-4)/i))/((-3)/(-4)). List the prime factors of p(j).
2, 5
Let g = 47 + -3. Suppose -3*a = x - 4*a + 32, 0 = -x + 4*a - g. What are the prime factors of (-43 - -1)*72/x?
2, 3
Let a = -10089 - -20586. What are the prime factors of a?
3, 3499
Suppose -76491 = -27*q + 23*q - 3*b, -2*b = -4*q + 76506. What are the prime factors of q?
3, 5, 17
Let q = 210 + 816. Let v = 2095 - q. What are the prime factors of v?
1069
Suppose 36*w - 197412 = 55092. List the prime factors of w.
2, 3, 7, 167
Suppose 7*n = 4*n + 24. Let c be (-3921)/27 + n/36. Let w = 228 + c. What are the prime factors of w?
83
Let y(k) = k**3 + 5*k**2 + 2*k - 8. Let c(i) = i**2 + 11*i - 4. Let z be c(-11). Let w be y(z). What are the prime factors of 41*(w + (-2)/(-1)) + 2?
2, 3, 7
Let f(m) = -1. Let k(c) = -4*c**3 + 3*c - 5. Let g(q) = 6*f(q) - k(q). Let t be g(-2). Let a = t + 140. What are the prime factors of a?
113
Let k = -10219 - -20048. What are the prime factors of k?
9829
Let y = -2017 + 5784. What are the prime factors of y?
3767
Let c = 3896 + -2081. What are the prime factors of c?
3, 5, 11
Let q(f) = -256*f + 1318. List the prime factors of q(-9).
2, 1811
List the prime factors of (-176)/96 - -1 - ((-174353)/6 - 3).
3, 3229
Suppose 4*a - 6*a + 3584 = 0. Suppose -10*t + 6*t = -a. Suppose -5*g + 306 = 4*k - 281, -t = -4*g + 4*k. What are the prime factors of g?
5, 23
Suppose 97*a = 21*a + 100776. What are the prime factors of a?
2, 3, 13, 17
Let n = -24458 + 49393. List the prime factors of n.
5, 4987
Suppose 82*v - 5*d = 84*v - 13472, -2*v + 13532 = -5*d. List the prime factors of v.
43, 157
Suppose 429 = -87*y + 84*y. Let n = 499 + y. What are the prime factors of n?
2, 89
Let d(q) = -41*q - 242. Let j be d(-6). Suppose -3*o = -5*i + 3933, -2*o + 1574 = 2*i - j*o. List the prime factors of i.
2, 3, 131
Suppose 273760 = 247*o + 43*o. Suppose 136 = h + 4*w, -2*h + 246 = 3*w - 31. Suppose -g + 46 = -n - h, 5*g - o = -2*n. List the prime factors of g.
2, 47
Let u(h) = h + 26 + 37 - 49. Let a be u(-12). What are the prime factors of (522/(-30))/(a/(-10))?
3, 29
Let l(t) = -t**3 - 28*t**2 + 37*t - 37. What are the prime factors of l(-40)?
17683
Let h(m) = 77*m - 41. Let r(x) = -115*x + 61. Let k(c) = -8*h(c) - 5*r(c). What are the prime factors of k(-10)?
433
Let r(s) = 0*s**2 + 35 - 5*s**2 + 16*s**2 - 79 - 8*s. What are the prime factors of r(-5)?
271
Let k(w) = -4*w**3 - 294*w**2 + 310*w + 12. List the prime factors of k(-75).
2, 3, 73
Let i(m) = -m**2 - 6*m. Let j be i(-5). Suppose 4*c + 0*c = j*z - 1119, 5*z + 3*c - 1147 = 0. What are the prime factors of z?
227
Let f be 70/(-6) - (-16)/(-48). Let v = 292 + 131. What are the prime factors of (4/f)/((-3)/v)?
47
Suppose -8*u = l - 4*u + 21, -u - 48 = 5*l. Let p(y) = -82*y - 147. What are the prime factors of p(l)?
3, 197
Suppose 39*n - 41*n + 5*t = 0, 0 = -2*n - 2*t. Let k = 225 + -89. Suppose n = -3*g + 23 + k. List the prime factors of g.
53
Let k(f) = f**2 - 3*f - 14. Let r be k(5). Let x be (r + 75/9)*6/2. Suppose -5*o - x = -233. List the prime factors of o.
2, 11
Let n(c) = c - 8. Let k be n(11). Suppose 0 = 8*d - k*d + 560. Let h = 129 + d. What are the prime factors of h?
17
What are the prime factors of (-2 - (11 + 36984/(-4))) + 4?
3, 3079
Let k be (-14)/21 - 12/(-18). Suppose -3*m + 628 = -2*x - 597, k = -2*m - 2*x + 830. What are the prime factors of m?
3, 137
Suppose 5*k = 3*i + 3256 - 10516, 1444 = -k - i. List the prime factors of k/(-6) - 30/(-20).
3
What are the prime factors of (6580452/252 - -4) + 4/42?
7, 13, 41
Let q(n) = -10438*n - 654. What are the prime factors of q(-1)?
2, 1223
Suppose 5*r - 2*o - 57 = 0, 5*r - 2*o = -7*o + 50. Suppose 5*t = -2*z - 4, -t = 5*z + t - r. Suppose -5*j = z*j - 640. What are the prime factors of j?
2, 5
Suppose 5*v - k - 452428 = 0, 0 = -7*k + 10*k - 21. What are the prime factors of v?
41, 2207
Let b be -6*(1 - (-25)/(-15)). Suppose -5*z + 8 = -k, k + 3*z = b*z. Suppose 520 = -0*a + k*a. List the prime factors of a.
2, 5, 13
Suppose -x + 5*i = -60, 0 = -5*i + 2*i - 12. What are the prime factors of ((-1818)/(-15))/(16/x)?
3, 101
Suppose 3 = -3*t, -4 = -5*x + 2*t + 13. Suppose -x*l - 176 = -11*l. Suppose q + q - 7 = -d, -d + l = -3*q. List the prime factors of d.
